-19 - (z + (0 - 1)). Let b = f + 43. What is the remainder when b is divided by 12?
10
Let c(m) be the third derivative of 0*m**3 - 1/60*m**5 + 0*m + 0 + 0*m**4 + 1/12*m**6 - m**2. Calculate the remainder when 16 is divided by c(1).
7
Let v(d) = d**2 + 3. Let q be v(-3). Calculate the remainder when (7 - -2)*q/9 is divided by 4.
0
Let l(a) = 0*a + 4 + 5*a**2 - 3 - 2*a. Suppose 2*s + 5*n = 1 + 10, s - 4*n = 25. Calculate the remainder when l(-2) is divided by s.
12
Suppose 2*i - 55 = -3*y, -9*y + 4*y + 77 = -4*i. Calculate the remainder when 50 is divided by y.
16
Let a(k) = k**2 - k + 9. Let h be a(0). Let z be 0*(-1)/(3 - 1). Let m = h + z. What is the remainder when 24 is divided by m?
6
Let n = 86 + -41. Calculate the remainder when n is divided by 8.
5
Let c(t) be the first derivative of 11*t**2/2 + 3*t + 3. Calculate the remainder when c(4) is divided by 16.
15
Suppose 62 = b - 172. Let z = 23 - 9. Calculate the remainder when 4/(-6)*b/(-6) is divided by z.
12
Let g = -5 + 24. What is the remainder when g is divided by 7?
5
Let o(w) = -w**2 - 13*w - 14. Let g(r) = r**2 - 4*r - 1. Calculate the remainder when g(-4) is divided by o(-10).
15
Let d be (25/(-3))/5*69. Let z = -75 - d. Calculate the remainder when z is divided by 21.
19
Suppose -51 = 4*i - 7*i. Calculate the remainder when 63 is divided by i.
12
Suppose 5*s - 890 = 5*c, -7*c + 684 = 4*s - 4*c. What is the remainder when s is divided by 11?
9
Suppose -j = 4*j + r - 383, 5*j + 4*r - 377 = 0. What is the remainder when j is divided by 20?
17
Let c = 537 - 383. Calculate the remainder when c is divided by 31.
30
Let l be (-3)/2*(-8)/(-6). Let o(y) = 12*y**2 - 2*y - 3. What is the remainder when o(l) is divided by 13?
10
Let a = 5 - 3. Suppose a*j + 0*j - 5*z - 34 = 0, 3*j - 76 = -5*z. What is the remainder when 43 is divided by j?
21
Let u(l) = -l**2 + 13*l - 21. Let j be 0 + -1 - (-2)/(-1). Let z(g) = -6*g - 2. What is the remainder when z(j) is divided by u(10)?
7
Let k = 14 + -11. Let p = 3 + -3. Let j = p - -6. What is the remainder when j is divided by k?
0
Suppose -112 = -5*r + r. Suppose q + 3*q - r = 0. What is the remainder when 11 is divided by q?
4
Suppose k = -2*k - u + 71, -141 = -5*k + 4*u. Suppose 3*a - 1 = g + 8, -k = g + 5*a. Let o = -1 - g. What is the remainder when 27 is divided by o?
13
Let j(l) be the second derivative of l**4/12 - l**3/6 - l**2/2 - 6*l. Calculate the remainder when 3/(-9) + (-169)/(-3) is divided by j(5).
18
Let z(i) = -6*i + 2*i**2 - 1 + 4*i - 8*i. Let r be 2 + (-2)/1 + 7. What is the remainder when z(r) is divided by 14?
13
Let x(s) = s**3 - 4*s**2 - 2*s - 8. What is the remainder when 12 is divided by x(5)?
5
Let a = 39 - 18. Suppose j - 20 - a = 0. Calculate the remainder when j is divided by (-1 - 27)*(-1)/2.
13
Suppose -j - 49 = -a - a, -3*a + 63 = 2*j. What is the remainder when 44 is divided by a?
21
Let y = 16 + -3. Suppose -3*u + v = -2*v - 87, -u + y = -5*v. Calculate the remainder when u is divided by 12.
9
Let g(d) = -d - 6. Let r be g(-7). Let c be r - -4*(5 - -1). Let w = 41 - c. What is the remainder when 30 is divided by w?
14
Let n(r) be the second derivative of r**5/20 - r**4/3 + r**3 - r**2 - 2*r. Calculate the remainder when n(4) is divided by 8.
6
Suppose -3*j + 8 = -0*l + l, -10 = -2*l - 4*j. Let h(z) = -13*z + 1. Let k(n) = -n - 2. What is the remainder when h(l) is divided by k(-10)?
6
Let s(i) = i**3 + 11*i**2 - i - 1. Let b(r) = r**2 - 6*r - 6. Let f be b(5). Calculate the remainder when 27 is divided by s(f).
7
Let f(q) = -q**3 - 6*q**2 - 4*q - 3. Calculate the remainder when 82 is divided by f(-6).
19
Suppose -28 = -c + 9. Suppose 2*u - 17 = 3. What is the remainder when c is divided by u?
7
Let s(k) be the first derivative of -k**4/4 - k**3/3 - k**2/2 + 34*k + 7. What is the remainder when s(0) is divided by 9?
7
Calculate the remainder when 104 is divided by 1/3 + 88/6.
14
Suppose 6*n = 4*b + n - 117, 0 = 2*b - 3*n - 61. Let a = 32 - b. Calculate the remainder when a is divided by 4.
1
Let u = 43 + 28. Let f = u + -50. Calculate the remainder when 39 is divided by f.
18
Let z(f) = f**3 - 13*f**2 + 12*f - 5. Let j be z(12). Suppose -5*w + 22 = -13. Let g = w + j. Calculate the remainder when 3 is divided by g.
1
Suppose 4*o - 4*b = -84, 3*o + 66 = -o - 2*b. Let l = 42 + o. Let q = 25 + 22. Calculate the remainder when q is divided by l.
23
Let y = -45 + 70. Calculate the remainder when y is divided by 9.
7
Suppose 3*d - 3*z - 33 = 0, 0*z - 15 = 3*z. Suppose -4*v = -133 + 45. What is the remainder when v is divided by d?
4
What is the remainder when (1 - 10/8 - -1)*32 is divided by 15?
9
What is the remainder when ((-3)/5)/(34/(-3570)) is divided by 6?
3
Let s = 5 + -1. Suppose 0*z + s*z - 88 = 0. Let c = -77 - -141. What is the remainder when c is divided by z?
20
Let b(n) = -n**2 - 15*n + 13. What is the remainder when b(-13) is divided by 10?
9
Let k(w) = -4 - 13*w + 8*w + 6*w. What is the remainder when 4 is divided by k(7)?
1
Suppose 3*s = 4*t + 124, 0 = -2*s + 2*t + 3*t + 85. Let d = s - 23. Let p(k) = k + 9. Calculate the remainder when d is divided by p(0).
8
Suppose 3*q + 6 = 0, j + 2*q + 16 = 4*j. Suppose -y + 130 = j*y. Calculate the remainder when y is divided by 10.
6
Let w(i) be the second derivative of i**4/6 + 11*i**3/6 + i**2/2 + 2*i. What is the remainder when w(-8) is divided by 14?
13
Suppose 2*w = -u + 36, w + 4*u = -w + 42. Suppose -33 = -5*t + 2*h + w, 4*h = t - 10. Calculate the remainder when t is divided by 4.
2
Suppose -3*o = -5*l - 0*o + 187, 5 = 5*o. Calculate the remainder when l is divided by (-45)/(-12)*(-16)/(-6).
8
Let m = -7 + 11. Let t = -1 + m. Let b = -2 + 10. What is the remainder when b is divided by t?
2
Let p(v) = -22*v - 2. Suppose 5*j + 15 + 20 = 0. Let b(g) = -7*g - 1. Let l(o) = j*b(o) + 2*p(o). What is the remainder when l(3) is divided by 10?
8
Let o(j) = j**2 + 2*j - 5. Let y = 15 - -2. What is the remainder when y is divided by o(-5)?
7
Suppose -d = 3*i - 5, 5*i = -d + 1 - 2. Suppose 0*q - 120 = -5*q. Calculate the remainder when q is divided by d.
10
Let u(p) = -5*p**2 + 3*p - 7. Let i be u(-6). Let w be 4/16 + i/4. Calculate the remainder when 25 is divided by w/(-4) - 5/(-20).
12
Suppose 4*w - 9*w = 0. Suppose 2*q - 13 + 7 = w. Calculate the remainder when -47*(0/q + -1) is divided by 12.
11
Let w = -10 + 6. Let j be 44/3 + w/6. Calculate the remainder when 60/j + 6/(-21) is divided by 3.
1
Suppose 2*l - 4*g = 4, -5*g - 12 = -3*l - 3. What is the remainder when l is divided by (-6)/4*(2 + -4)?
2
Suppose 2*z + 16 = 4*z. Let k(r) = r**3 - 10*r**2 - 9*r - 13. Let u be k(11). Suppose -3*f = -0*f - u. Calculate the remainder when z is divided by f.
2
Suppose -3*d + 6 + 9 = 0. Let j(i) be the second derivative of i**4/6 - i**3 - 5*i**2/2 + 2*i. Calculate the remainder when 28 is divided by j(d).
13
What is the remainder when 62 is divided by (24/(-10))/((-3)/(-8))*-5?
30
Suppose 0 = l, -4*l - 16 - 8 = 3*w. Let m = 28 - -4. Calculate the remainder when m is divided by ((-55)/20)/(2/w).
10
Let w = 0 - -6. What is the remainder when ((-56)/w)/((-2)/6) is divided by (20/(-14))/((-2)/14)?
8
Suppose 8*o = o + 105. Calculate the remainder when o is divided by 6.
3
Suppose -4*c - 2*x + 134 = -0*c, -5*c - 2*x + 168 = 0. Let i = 66 - c. What is the remainder when i is divided by 11?
10
Suppose 107 + 4 = 3*t. Let u be (-6)/3 - t*-1. Let l = u - 24. What is the remainder when 32 is divided by l?
10
Let o = 4 - 6. Let a be 1/(o*2/8). Calculate the remainder when 47 is divided by 228/14 - a/(-7).
15
Let b = -18 - -10. What is the remainder when (-4)/b + 37/2 is divided by 7?
5
Let u = -8 - -8. Suppose s + 5*j = 15, -2*s - 4*j + 0*j + 54 = u. What is the remainder when s is divided by 12?
11
Let t = 10 - 10. Suppose 4*k + 8 = 0, 4*k + t = -s + 23. Suppose 5*o + 5*b = 2*b + s, -o + 2*b = -14. What is the remainder when 14 is divided by o?
6
Calculate the remainder when 134 is divided by (34/6)/(4/24).
32
Let r(n) = -12*n**2 - 2*n - 1. Let t be r(-1). Let m = t - -18. Suppose m + 6 = p. Calculate the remainder when p is divided by 5.
3
Let j = 120 + -43. What is the remainder when j is divided by 20?
17
Let k be (2/(-4))/(1/(-10)). Suppose -3*s - k = -4*s. What is the remainder w